{"id":22709,"date":"2023-02-13T11:33:43","date_gmt":"2023-02-13T09:33:43","guid":{"rendered":"https:\/\/www.urmet.sk\/?post_type=product&#038;p=22709"},"modified":"2023-02-13T12:38:43","modified_gmt":"2023-02-13T10:38:43","slug":"vog-5w","status":"publish","type":"product","link":"https:\/\/www.urmet.sk\/?product=vog-5w","title":{"rendered":"VOG 5W"},"content":{"rendered":"<p><strong>VOG 5W<\/strong> je n\u00e1\u0161 5-palcov\u00fd handsfree 2-vodi\u010dov\u00fd monitor, ktor\u00fd sa d\u00e1 pripoji\u0165 k sieti Wi-Fi. <strong>VOG 5W<\/strong> sa odli\u0161uje t\u00fdm, \u017ee ho m\u00f4\u017eete ovl\u00e1da\u0165 dotykom a gestami. Na ovl\u00e1danie jednoducho pou\u017eite beztla\u010didlov\u00e9 ovl\u00e1danie, hovorte s VOG 5W alebo pred n\u00edm m\u00e1vnite rukou. Pomocou ovl\u00e1dania gestami a hlasom m\u00f4\u017eete zapn\u00fa\u0165 displej, otvori\u0165 dvere, zobrazi\u0165 vstupy z kamery vstupn\u00e9ho panela a \u010fal\u0161ie..<\/p>\n<p><strong>V \u010distej elegancii je sila.<\/strong><\/p>\n<p>VOG 5W m\u00e1 15 podsvieten\u00fdch beztla\u010didlov\u00fdch, dotykov\u00fdch ovl\u00e1dac\u00edch prvkov na prednej strane, ktor\u00e9 v\u00e1m umo\u017e\u0148uj\u00fa:<\/p>\n<ul>\n<li>Otvori\u0165 dvere\/br\u00e1nu<\/li>\n<li>Vst\u00fapi\u0165 do menu ponuky<\/li>\n<li>Zapn\u00fa\u0165\/vypn\u00fa\u0165 mikrof\u00f3n<\/li>\n<li>Zavolajte recepciu<\/li>\n<li>Zobrazi\u0165 vstupn\u00fd panel<\/li>\n<li>Stlmi\u0165 vyzv\u00e1nanie (na\u010dasovan\u00e9)<\/li>\n<li>2 x pr\u00edkazy Yokis Smart Home<\/li>\n<li>4 x rolovacie \u0161\u00edpky<\/li>\n<li>Yokis menu<\/li>\n<li>Interkomov\u00fd hovor medzi monitormi<\/li>\n<li>Vlastn\u00fd programovate\u013en\u00fd pr\u00edkaz<\/li>\n<\/ul>\n<p><strong>Technick\u00e9 vlastnosti:<\/strong><\/p>\n<ul>\n<li style=\"list-style-type: none;\">\n<ul>\n<li>Rozmery: (\u0160 x V x H) 130 x 160 x 26 mm<\/li>\n<li>5&#8243; displej IPS 800 x 480 px<\/li>\n<li>syst\u00e9mov\u00e9 nap\u00e1janie pre syst\u00e9my 2voice<\/li>\n<li>Farba: biela, \u010dierna<\/li>\n<li>Wi-Fi na presmerovanie hovorov do smartf\u00f3nov<\/li>\n<li>Soft-touch tla\u010didl\u00e1, ktor\u00e9 sa aktivuj\u00fa len vtedy, ke\u010f je funkcia k dispoz\u00edcii<\/li>\n<\/ul>\n<\/li>\n<\/ul>\n<p><strong>Modely:<\/strong><\/p>\n<p><span style=\"text-decoration: underline;\">1760\/16<\/span> &#8211; VOG 5W v bielej farbe pre syst\u00e9my 2Voice<br \/>\n<span style=\"text-decoration: underline;\">1760\/15<\/span> &#8211; VOG 5W v \u010diernej farbe pre syst\u00e9my 2Voice<\/p>\n","protected":false},"excerpt":{"rendered":"<p>VOG 5W je n\u00e1\u0161 5-palcov\u00fd handsfree 2-vodi\u010dov\u00fd monitor, ktor\u00fd sa d\u00e1 pripoji\u0165 k sieti Wi-Fi. VOG 5W sa odli\u0161uje t\u00fdm, \u017ee ho m\u00f4\u017eete ovl\u00e1da\u0165 dotykom a gestami. Na ovl\u00e1danie jednoducho pou\u017eite beztla\u010didlov\u00e9 ovl\u00e1danie, hovorte s VOG 5W alebo pred n\u00edm m\u00e1vnite rukou. Pomocou ovl\u00e1dania gestami a hlasom m\u00f4\u017eete zapn\u00fa\u0165 displej, otvori\u0165 dvere, zobrazi\u0165 vstupy z&hellip;<\/p>\n","protected":false},"featured_media":22725,"template":"","meta":{"_monsterinsights_skip_tracking":false,"_monsterinsights_sitenote_active":false,"_monsterinsights_sitenote_note":"","_monsterinsights_sitenote_category":0},"product_cat":[56],"product_tag":[],"_links":{"self":[{"href":"https:\/\/www.urmet.sk\/index.php?rest_route=\/wp\/v2\/product\/22709"}],"collection":[{"href":"https:\/\/www.urmet.sk\/index.php?rest_route=\/wp\/v2\/product"}],"about":[{"href":"https:\/\/www.urmet.sk\/index.php?rest_route=\/wp\/v2\/types\/product"}],"wp:featuredmedia":[{"embeddable":true,"href":"https:\/\/www.urmet.sk\/index.php?rest_route=\/wp\/v2\/media\/22725"}],"wp:attachment":[{"href":"https:\/\/www.urmet.sk\/index.php?rest_route=%2Fwp%2Fv2%2Fmedia&parent=22709"}],"wp:term":[{"taxonomy":"product_cat","embeddable":true,"href":"https:\/\/www.urmet.sk\/index.php?rest_route=%2Fwp%2Fv2%2Fproduct_cat&post=22709"},{"taxonomy":"product_tag","embeddable":true,"href":"https:\/\/www.urmet.sk\/index.php?rest_route=%2Fwp%2Fv2%2Fproduct_tag&post=22709"}],"curies":[{"name":"wp","href":"https:\/\/api.w.org\/{rel}","templated":true}]}}