{"id":21317,"date":"2020-03-28T10:46:27","date_gmt":"2020-03-28T08:46:27","guid":{"rendered":"http:\/\/www.urmet.sk\/?post_type=product&#038;p=21317"},"modified":"2020-03-28T10:57:37","modified_gmt":"2020-03-28T08:57:37","slug":"mikra-special","status":"publish","type":"product","link":"https:\/\/www.urmet.sk\/?product=mikra-special","title":{"rendered":"Mikra Special"},"content":{"rendered":"<h3><strong>Panely s jedine\u010dn\u00fdm dizajnom pre znalcov talianskeho \u0161t\u00fdlu a najvy\u0161\u0161ej kvality.<\/strong><\/h3>\n<p><strong>Pr\u00e9miov\u00e9 vstupn\u00e9 panely<\/strong> URMET sa ka\u017ed\u00fd rok st\u00e1vaj\u00fa \u010doraz ob\u013e\u00fabenej\u0161\u00edmi v segmente nehnute\u013enost\u00ed elitnej skupiny. Dokonal\u00e1 kvalita, jedine\u010dn\u00fd taliansky dizajn a \u0161irok\u00e1 funk\u010dnos\u0165 elitn\u00fdch vstupn\u00fdch panelov URMET zd\u00f4raz\u0148uj\u00fa vysok\u00fd stav reziden\u010dn\u00e9ho komplexu a zaujm\u00fa aj t\u00fdch najn\u00e1ro\u010dnej\u0161\u00edch.<\/p>\n<p><strong>MIKRA SPECIAL<\/strong><span> panely maj\u00fa nezvy\u010dajn\u00fd a v\u00fdrazn\u00fd sp\u00f4sob, ako zd\u00f4razni\u0165 vysok\u00fa \u00farove\u0148 a stav objektu. Panely sa pou\u017e\u00edvaj\u00fa na in\u0161tal\u00e1ciu do vstupn\u00fdch objektov, kancel\u00e1ri\u00ed, rodinn\u00fdch domov a v\u010faka \u0161irok\u00fdm mo\u017enostiam vypracovania jednotliv\u00fdch n\u00e1vrhov dok\u00e1\u017eu zd\u00f4razni\u0165 architektonick\u00fd \u0161t\u00fdl a sprostredkova\u0165 n\u00e1v\u0161tevn\u00edkom my\u0161lienku projektanta a charakter vlastn\u00edka nehnute\u013enosti.<\/span><\/p>\n<p><img loading=\"lazy\" decoding=\"async\" class=\"alignnone size-medium wp-image-21301\" src=\"http:\/\/www.urmet.sk\/wp-content\/uploads\/2020\/03\/Mikra-Special111-245x300.jpg\" alt=\"\" width=\"245\" height=\"300\" srcset=\"https:\/\/www.urmet.sk\/wp-content\/uploads\/2020\/03\/Mikra-Special111-245x300.jpg 245w, https:\/\/www.urmet.sk\/wp-content\/uploads\/2020\/03\/Mikra-Special111.jpg 600w\" sizes=\"(max-width: 245px) 100vw, 245px\" \/> <img loading=\"lazy\" decoding=\"async\" class=\"alignnone size-medium wp-image-21300\" src=\"http:\/\/www.urmet.sk\/wp-content\/uploads\/2020\/03\/Mikra-Special222-245x300.jpg\" alt=\"\" width=\"245\" height=\"300\" srcset=\"https:\/\/www.urmet.sk\/wp-content\/uploads\/2020\/03\/Mikra-Special222-245x300.jpg 245w, https:\/\/www.urmet.sk\/wp-content\/uploads\/2020\/03\/Mikra-Special222.jpg 600w\" sizes=\"(max-width: 245px) 100vw, 245px\" \/><\/p>\n<p><img loading=\"lazy\" decoding=\"async\" class=\"alignnone size-medium wp-image-21299\" src=\"http:\/\/www.urmet.sk\/wp-content\/uploads\/2020\/03\/Mikra-Special4442-245x300.jpg\" alt=\"\" width=\"245\" height=\"300\" srcset=\"https:\/\/www.urmet.sk\/wp-content\/uploads\/2020\/03\/Mikra-Special4442-245x300.jpg 245w, https:\/\/www.urmet.sk\/wp-content\/uploads\/2020\/03\/Mikra-Special4442.jpg 600w\" sizes=\"(max-width: 245px) 100vw, 245px\" \/> <img loading=\"lazy\" decoding=\"async\" class=\"alignnone size-medium wp-image-21298\" src=\"http:\/\/www.urmet.sk\/wp-content\/uploads\/2020\/03\/Mikra-Special3332-245x300.jpg\" alt=\"\" width=\"245\" height=\"300\" srcset=\"https:\/\/www.urmet.sk\/wp-content\/uploads\/2020\/03\/Mikra-Special3332-245x300.jpg 245w, https:\/\/www.urmet.sk\/wp-content\/uploads\/2020\/03\/Mikra-Special3332.jpg 600w\" sizes=\"(max-width: 245px) 100vw, 245px\" \/><\/p>\n","protected":false},"excerpt":{"rendered":"<p>Panely s jedine\u010dn\u00fdm dizajnom pre znalcov talianskeho \u0161t\u00fdlu a najvy\u0161\u0161ej kvality. Pr\u00e9miov\u00e9 vstupn\u00e9 panely URMET sa ka\u017ed\u00fd rok st\u00e1vaj\u00fa \u010doraz ob\u013e\u00fabenej\u0161\u00edmi v segmente nehnute\u013enost\u00ed elitnej skupiny. Dokonal\u00e1 kvalita, jedine\u010dn\u00fd taliansky dizajn a \u0161irok\u00e1 funk\u010dnos\u0165 elitn\u00fdch vstupn\u00fdch panelov URMET zd\u00f4raz\u0148uj\u00fa vysok\u00fd stav reziden\u010dn\u00e9ho komplexu a zaujm\u00fa aj t\u00fdch najn\u00e1ro\u010dnej\u0161\u00edch. MIKRA SPECIAL panely maj\u00fa nezvy\u010dajn\u00fd a v\u00fdrazn\u00fd&hellip;<\/p>\n","protected":false},"featured_media":21291,"template":"","meta":{"_monsterinsights_skip_tracking":false,"_monsterinsights_sitenote_active":false,"_monsterinsights_sitenote_note":"","_monsterinsights_sitenote_category":0},"product_cat":[50],"product_tag":[101,102,96],"_links":{"self":[{"href":"https:\/\/www.urmet.sk\/index.php?rest_route=\/wp\/v2\/product\/21317"}],"collection":[{"href":"https:\/\/www.urmet.sk\/index.php?rest_route=\/wp\/v2\/product"}],"about":[{"href":"https:\/\/www.urmet.sk\/index.php?rest_route=\/wp\/v2\/types\/product"}],"wp:featuredmedia":[{"embeddable":true,"href":"https:\/\/www.urmet.sk\/index.php?rest_route=\/wp\/v2\/media\/21291"}],"wp:attachment":[{"href":"https:\/\/www.urmet.sk\/index.php?rest_route=%2Fwp%2Fv2%2Fmedia&parent=21317"}],"wp:term":[{"taxonomy":"product_cat","embeddable":true,"href":"https:\/\/www.urmet.sk\/index.php?rest_route=%2Fwp%2Fv2%2Fproduct_cat&post=21317"},{"taxonomy":"product_tag","embeddable":true,"href":"https:\/\/www.urmet.sk\/index.php?rest_route=%2Fwp%2Fv2%2Fproduct_tag&post=21317"}],"curies":[{"name":"wp","href":"https:\/\/api.w.org\/{rel}","templated":true}]}}