{"id":15287,"date":"2019-08-25T06:40:00","date_gmt":"2019-08-25T06:40:00","guid":{"rendered":"http:\/\/www.urmet.sk\/new2020\/?post_type=product&#038;p=15287"},"modified":"2022-04-26T08:57:33","modified_gmt":"2022-04-26T06:57:33","slug":"vmodo","status":"publish","type":"product","link":"https:\/\/www.urmet.sk\/?product=vmodo","title":{"rendered":"vMODO"},"content":{"rendered":"<p>URMET predstavuje nov\u00e9 zariadenie &#8211; videomonitor <strong>vMODO<\/strong>\u00a0s dotykov\u00fdmi kl\u00e1vesami a funkciou hands-free.\u00a0Intuit\u00edvne rozhranie rob\u00ed z\u00e1\u017eitok z pou\u017e\u00edvania. vMODO jednoduch\u00fdm a pr\u00edjemn\u00fdm dizajnom a \u0161t\u00fdlov\u00fdm bielym puzdrom ozdob\u00ed ka\u017ed\u00fd interi\u00e9r.<\/p>\n<p>\u00da\u010dastn\u00edcka jednotka zoh\u013ead\u0148uje v\u0161etky potreby modern\u00e9ho \u010dloveka, \u010d\u00edm v\u00fdrazne zvy\u0161uje \u00farove\u0148 bezpe\u010dnosti a pohodlia v dome.\u00a0Pomocou <strong>vMODO<\/strong> m\u00f4\u017eete ovl\u00e1da\u0165 predn\u00e9 dvere a br\u00e1ny, prezera\u0165 <strong>CCTV<\/strong> kamery, prepoji\u0165 inteligentn\u00fd dom\u00e1ci syst\u00e9m <strong>Yokis<\/strong>, umo\u017eni\u0165 presmerovanie hovorov do smartf\u00f3nu pomocou <strong>CallMe<\/strong> a komunikova\u0165 prostredn\u00edctvom <strong>interkomu<\/strong>. Monitor je vybaven\u00fd mechanick\u00fdm tla\u010didlom na za\u010datie \/ ukon\u010denie konverz\u00e1cie, 4 dotykov\u00fdmi kl\u00e1vesami a 2 rel\u00e9ov\u00fdmi kontaktmi na ovl\u00e1danie \u010fal\u0161\u00edch zariaden\u00ed. \u0160irok\u00fd displej s uhloprie\u010dkou 7 palcov poskytuje presn\u00fd obraz a preh\u013ead z ak\u00e9hoko\u013evek poh\u013eadu.\u00a0 Funkciu MUTE je mo\u017en\u00e9 pou\u017e\u00edva\u0165 aj v \u010dasovom re\u017eime, ktor\u00fd t\u00fato funkciu automaticky deaktivuje po 8 hodin\u00e1ch.<\/p>\n<p><img loading=\"lazy\" decoding=\"async\" class=\"alignnone size-medium wp-image-21356\" src=\"http:\/\/www.urmet.sk\/wp-content\/uploads\/2019\/08\/vmodo-rozmery-255x300.png\" alt=\"\" width=\"255\" height=\"300\" srcset=\"https:\/\/www.urmet.sk\/wp-content\/uploads\/2019\/08\/vmodo-rozmery-255x300.png 255w, https:\/\/www.urmet.sk\/wp-content\/uploads\/2019\/08\/vmodo-rozmery.png 590w\" sizes=\"(max-width: 255px) 100vw, 255px\" \/><\/p>\n<p><strong>Model:<\/strong><\/p>\n<p>1719\/1 &#8211; vMODO 7&#8243; handsfree video telef\u00f3n biely<\/p>\n<p>1719\/2 &#8211; vMODO 7&#8243; handsfree video telef\u00f3n \u010dierny<\/p>\n<p><strong>Pr\u00edslu\u0161enstvo:<\/strong><\/p>\n<p>1723\/52 &#8211; Podstavec na st\u00f4l pre vMODO<br \/>\n1723\/60 &#8211; Zap\u00fa\u0161tacia s\u00faprava pre vMODO<\/p>\n","protected":false},"excerpt":{"rendered":"<p>URMET predstavuje nov\u00e9 zariadenie &#8211; videomonitor vMODO\u00a0s dotykov\u00fdmi kl\u00e1vesami a funkciou hands-free.\u00a0Intuit\u00edvne rozhranie rob\u00ed z\u00e1\u017eitok z pou\u017e\u00edvania. vMODO jednoduch\u00fdm a pr\u00edjemn\u00fdm dizajnom a \u0161t\u00fdlov\u00fdm bielym puzdrom ozdob\u00ed ka\u017ed\u00fd interi\u00e9r. \u00da\u010dastn\u00edcka jednotka zoh\u013ead\u0148uje v\u0161etky potreby modern\u00e9ho \u010dloveka, \u010d\u00edm v\u00fdrazne zvy\u0161uje \u00farove\u0148 bezpe\u010dnosti a pohodlia v dome.\u00a0Pomocou vMODO m\u00f4\u017eete ovl\u00e1da\u0165 predn\u00e9 dvere a br\u00e1ny, prezera\u0165 CCTV kamery,&hellip;<\/p>\n","protected":false},"featured_media":15291,"template":"","meta":{"_monsterinsights_skip_tracking":false,"_monsterinsights_sitenote_active":false,"_monsterinsights_sitenote_note":"","_monsterinsights_sitenote_category":0},"product_cat":[56],"product_tag":[],"_links":{"self":[{"href":"https:\/\/www.urmet.sk\/index.php?rest_route=\/wp\/v2\/product\/15287"}],"collection":[{"href":"https:\/\/www.urmet.sk\/index.php?rest_route=\/wp\/v2\/product"}],"about":[{"href":"https:\/\/www.urmet.sk\/index.php?rest_route=\/wp\/v2\/types\/product"}],"wp:featuredmedia":[{"embeddable":true,"href":"https:\/\/www.urmet.sk\/index.php?rest_route=\/wp\/v2\/media\/15291"}],"wp:attachment":[{"href":"https:\/\/www.urmet.sk\/index.php?rest_route=%2Fwp%2Fv2%2Fmedia&parent=15287"}],"wp:term":[{"taxonomy":"product_cat","embeddable":true,"href":"https:\/\/www.urmet.sk\/index.php?rest_route=%2Fwp%2Fv2%2Fproduct_cat&post=15287"},{"taxonomy":"product_tag","embeddable":true,"href":"https:\/\/www.urmet.sk\/index.php?rest_route=%2Fwp%2Fv2%2Fproduct_tag&post=15287"}],"curies":[{"name":"wp","href":"https:\/\/api.w.org\/{rel}","templated":true}]}}