{"id":506,"date":"2014-03-18T10:03:56","date_gmt":"2014-03-18T10:03:56","guid":{"rendered":"http:\/\/the7.dream-demo.com\/business\/?page_id=9"},"modified":"2020-12-26T12:32:23","modified_gmt":"2020-12-26T10:32:23","slug":"projects","status":"publish","type":"page","link":"https:\/\/www.urmet.sk\/?page_id=506","title":{"rendered":"Katal\u00f3gy"},"content":{"rendered":"<div class=\"wpb-content-wrapper\"><p>[vc_row bg_type=&#8220;image&#8220; parallax_style=&#8220;vcpb-vz-jquery&#8220; bg_image_new=&#8220;id^15334|url^http:\/\/www.urmet.sk\/new2020\/wp-content\/uploads\/2019\/08\/banner-katalog-urmet.jpg|caption^null|alt^null|title^banner-katalog-urmet|description^null&#8220; bg_image_repeat=&#8220;no-repeat&#8220; bg_override=&#8220;ex-full&#8220; enable_overlay=&#8220;enable_overlay_value&#8220; overlay_color=&#8220;rgba(0,0,0,0.5)&#8220; overlay_pattern=&#8220;transperant&#8220; overlay_pattern_opacity=&#8220;25&#8243; type=&#8220;vc_default&#8220; margin_top=&#8220;-50&#8243; css=&#8220;.vc_custom_1566752828850{padding-top: 10% !important;padding-bottom: 10% !important;background-color: #000000 !important;}&#8220;][vc_column offset=&#8220;vc_col-lg-12 vc_col-md-12&#8243; css=&#8220;.vc_custom_1566726047477{padding-bottom: 10px !important;}&#8220;]<div id=\"ultimate-heading-131269e5251a60ae0\" class=\"uvc-heading ult-adjust-bottom-margin ultimate-heading-131269e5251a60ae0 uvc-9156 accent-title-color\" data-hspacer=\"no_spacer\"  data-halign=\"center\" style=\"text-align:center\"><div class=\"uvc-heading-spacer no_spacer\" style=\"top\"><\/div><div class=\"uvc-sub-heading ult-responsive\"  data-ultimate-target='.uvc-heading.ultimate-heading-131269e5251a60ae0 .uvc-sub-heading '  data-responsive-json-new='{\"font-size\":\"desktop:58px;mobile_landscape:38px;mobile:30px;\",\"line-height\":\"desktop:68px;mobile_landscape:48px;mobile:40px;\"}'  style=\"font-family:&#039;Raleway&#039;;font-weight:700;color:#ffffff;margin-top:10px;margin-bottom:20px;\">Katal\u00f3gy<\/div><\/div>[\/vc_column][\/vc_row][vc_row][vc_column width=&#8220;1\/4&#8243;][vc_hoverbox image=&#8220;15499&#8243; primary_title=&#8220;&#8220; primary_align=&#8220;justify&#8220; hover_title=&#8220;&#8220; shape=&#8220;square&#8220; hover_background_color=&#8220;white&#8220; el_width=&#8220;60&#8243; hover_btn_title=&#8220;Bro\u017e\u00farka ALPHA&#8220; hover_btn_style=&#8220;3d&#8220; hover_btn_align=&#8220;center&#8220; css_animation=&#8220;fadeIn&#8220; hover_add_button=&#8220;true&#8220; hover_btn_link=&#8220;url:https%3A%2F%2Fwww.urmet.sk%2FALPHA%2FPortals%2F0%2FURMET%2520PDF%2FBrochureCataloghi%2FUrmet_Brochure%2520Alpha_SVK_low.pdf||target:%20_blank|&#8220;][\/vc_hoverbox][\/vc_column][vc_column width=&#8220;1\/4&#8243;][vc_hoverbox image=&#8220;21547&#8243; primary_title=&#8220;&#8220; primary_align=&#8220;justify&#8220; hover_title=&#8220;&#8220; shape=&#8220;square&#8220; hover_background_color=&#8220;white&#8220; el_width=&#8220;60&#8243; hover_btn_title=&#8220;URMET katal\u00f3g&#8220; hover_btn_style=&#8220;3d&#8220; hover_btn_align=&#8220;center&#8220; css_animation=&#8220;fadeIn&#8220; hover_add_button=&#8220;true&#8220; hover_btn_link=&#8220;url:https%3A%2F%2Fwww.urmet.sk%2FKatalogy%2Fkatalog_urmet_2020-21.pdf|target:_blank&#8220; css=&#8220;.vc_custom_1608978669679{background-color: #ffffff !important;}&#8220;][\/vc_hoverbox][\/vc_column][vc_column width=&#8220;1\/4&#8243;][vc_hoverbox image=&#8220;15491&#8243; primary_title=&#8220;&#8220; primary_align=&#8220;justify&#8220; hover_title=&#8220;&#8220; shape=&#8220;square&#8220; hover_background_color=&#8220;white&#8220; el_width=&#8220;60&#8243; hover_btn_title=&#8220;SinthesiS2&#8243; hover_btn_style=&#8220;3d&#8220; hover_btn_align=&#8220;center&#8220; css_animation=&#8220;fadeIn&#8220; hover_add_button=&#8220;true&#8220; hover_btn_link=&#8220;url:https%3A%2F%2Fwww.urmet.sk%2FKatalogy%2FU_BR_SinthesiS2_ENG_150921.pdf||target:%20_blank|&#8220;][\/vc_hoverbox][\/vc_column][vc_column width=&#8220;1\/4&#8243;][vc_hoverbox image=&#8220;15492&#8243; primary_title=&#8220;&#8220; primary_align=&#8220;justify&#8220; hover_title=&#8220;&#8220; shape=&#8220;square&#8220; hover_background_color=&#8220;white&#8220; el_width=&#8220;60&#8243; hover_btn_title=&#8220;SinthesiSteel&#8220; hover_btn_style=&#8220;3d&#8220; hover_btn_align=&#8220;center&#8220; css_animation=&#8220;fadeIn&#8220; hover_add_button=&#8220;true&#8220; hover_btn_link=&#8220;url:https%3A%2F%2Fwww.urmet.sk%2FKatalogy%2FUrmet_Brochure_SinthesiSteel_EN.pdf||target:%20_blank|&#8220;][\/vc_hoverbox][\/vc_column][\/vc_row][vc_row][vc_column][vc_empty_space height=&#8220;60px&#8220;][vc_separator][vc_empty_space height=&#8220;60px&#8220;][\/vc_column][\/vc_row][vc_row][vc_column width=&#8220;1\/4&#8243;][vc_hoverbox image=&#8220;21552&#8243; primary_title=&#8220;&#8220; primary_align=&#8220;justify&#8220; hover_title=&#8220;&#8220; shape=&#8220;square&#8220; hover_background_color=&#8220;white&#8220; el_width=&#8220;60&#8243; hover_btn_title=&#8220;CCTV (ENG)&#8220; hover_btn_style=&#8220;3d&#8220; hover_btn_align=&#8220;center&#8220; css_animation=&#8220;fadeIn&#8220; hover_add_button=&#8220;true&#8220; hover_btn_link=&#8220;url:https%3A%2F%2Fwww.urmet.sk%2FKatalogy%2FURMET_CCTV-CATALOGUE.pdf||target:%20_blank|&#8220;][\/vc_hoverbox][\/vc_column][vc_column width=&#8220;1\/4&#8243;][vc_hoverbox image=&#8220;21554&#8243; primary_title=&#8220;&#8220; primary_align=&#8220;justify&#8220; hover_title=&#8220;&#8220; shape=&#8220;square&#8220; hover_background_color=&#8220;white&#8220; el_width=&#8220;60&#8243; hover_btn_title=&#8220;Monitors &amp; Panels (ENG)&#8220; hover_btn_style=&#8220;3d&#8220; hover_btn_align=&#8220;center&#8220; css_animation=&#8220;fadeIn&#8220; hover_add_button=&#8220;true&#8220; hover_btn_link=&#8220;url:http%3A%2F%2Fwww.urmet.sk%2FKatalogy%2FU_BR_Videocitofoni%20e%20pulsantiere_EN_low.pdf||target:%20_blank|&#8220;][\/vc_hoverbox][\/vc_column][vc_column width=&#8220;1\/4&#8243;][vc_hoverbox image=&#8220;21556&#8243; primary_title=&#8220;&#8220; primary_align=&#8220;justify&#8220; hover_title=&#8220;&#8220; shape=&#8220;square&#8220; hover_background_color=&#8220;white&#8220; el_width=&#8220;60&#8243; hover_btn_title=&#8220;URMET GENERAL 2020 (ENG)&#8220; hover_btn_style=&#8220;3d&#8220; hover_btn_align=&#8220;center&#8220; css_animation=&#8220;fadeIn&#8220; hover_add_button=&#8220;true&#8220; hover_btn_link=&#8220;url:http%3A%2F%2Fwww.urmet.sk%2FKatalogy%2FUrmet-GeneralCatalogue-2020-ENG.pdf||target:%20_blank|&#8220;][\/vc_hoverbox][\/vc_column][vc_column width=&#8220;1\/4&#8243;][vc_hoverbox image=&#8220;21557&#8243; primary_title=&#8220;&#8220; primary_align=&#8220;justify&#8220; hover_title=&#8220;&#8220; shape=&#8220;square&#8220; hover_background_color=&#8220;white&#8220; el_width=&#8220;60&#8243; hover_btn_title=&#8220;GROTHE GENERAL 2020 (ENG)&#8220; hover_btn_style=&#8220;3d&#8220; hover_btn_align=&#8220;center&#8220; css_animation=&#8220;fadeIn&#8220; hover_add_button=&#8220;true&#8220; hover_btn_link=&#8220;url:http%3A%2F%2Fwww.urmet.sk%2FKatalogy%2FGrothe-2020-ENG.pdf||target:%20_blank|&#8220;][\/vc_hoverbox][\/vc_column][\/vc_row][vc_row][vc_column][vc_empty_space height=&#8220;60px&#8220;][vc_separator][vc_empty_space height=&#8220;60px&#8220;][\/vc_column][\/vc_row][vc_row][vc_column width=&#8220;1\/4&#8243;][vc_hoverbox image=&#8220;21559&#8243; primary_title=&#8220;&#8220; primary_align=&#8220;justify&#8220; hover_title=&#8220;&#8220; shape=&#8220;square&#8220; hover_background_color=&#8220;white&#8220; el_width=&#8220;60&#8243; hover_btn_title=&#8220;DIGITAL SYSTEMS (ENG)&#8220; hover_btn_style=&#8220;3d&#8220; hover_btn_align=&#8220;center&#8220; css_animation=&#8220;fadeIn&#8220; hover_add_button=&#8220;true&#8220; hover_btn_link=&#8220;url:http%3A%2F%2Fwww.urmet.sk%2FKatalogy%2FU_BR_SISTEMI-DIGITALI-2018-ENG_low.pdf||target:%20_blank|&#8220;][\/vc_hoverbox][\/vc_column][vc_column width=&#8220;1\/4&#8243;][vc_hoverbox image=&#8220;15487&#8243; primary_title=&#8220;&#8220; primary_align=&#8220;justify&#8220; hover_title=&#8220;&#8220; shape=&#8220;square&#8220; hover_background_color=&#8220;white&#8220; el_width=&#8220;60&#8243; hover_btn_title=&#8220;GROTHE gongy&#8220; hover_btn_style=&#8220;3d&#8220; hover_btn_align=&#8220;center&#8220; css_animation=&#8220;fadeIn&#8220; hover_add_button=&#8220;true&#8220; hover_btn_link=&#8220;url:http%3A%2F%2Fwww.urmet.sk%2FLetaky%2FLetak_Gongy_Grothe.pdf||target:%20_blank|&#8220;][\/vc_hoverbox][\/vc_column][vc_column width=&#8220;1\/4&#8243;][vc_hoverbox image=&#8220;15486&#8243; primary_title=&#8220;&#8220; primary_align=&#8220;justify&#8220; hover_title=&#8220;&#8220; shape=&#8220;square&#8220; hover_background_color=&#8220;white&#8220; el_width=&#8220;60&#8243; hover_btn_title=&#8220;Calima 200&#8243; hover_btn_style=&#8220;3d&#8220; hover_btn_align=&#8220;center&#8220; css_animation=&#8220;fadeIn&#8220; hover_add_button=&#8220;true&#8220; hover_btn_link=&#8220;url:http%3A%2F%2Fwww.urmet.sk%2FLetaky%2FCalima-Flyer.pdf||target:%20_blank|&#8220;][\/vc_hoverbox][\/vc_column][vc_column width=&#8220;1\/4&#8243;][vc_hoverbox image=&#8220;21653&#8243; primary_title=&#8220;&#8220; primary_align=&#8220;justify&#8220; hover_title=&#8220;&#8220; shape=&#8220;square&#8220; hover_background_color=&#8220;white&#8220; el_width=&#8220;60&#8243; hover_btn_title=&#8220;FDI katal\u00f3g 2020&#8243; hover_btn_style=&#8220;3d&#8220; hover_btn_align=&#8220;center&#8220; css_animation=&#8220;fadeIn&#8220; hover_add_button=&#8220;true&#8220; hover_btn_link=&#8220;url:http%3A%2F%2Fwww.urmet.sk%2FKatalogy%2Fcatalogue-FDI-2020.pdf||target:%20_blank|&#8220;][\/vc_hoverbox][\/vc_column][\/vc_row][vc_row][vc_column][vc_empty_space height=&#8220;60px&#8220;][vc_separator][vc_empty_space height=&#8220;60px&#8220;][\/vc_column][\/vc_row][vc_row][vc_column width=&#8220;1\/4&#8243;][vc_hoverbox image=&#8220;21658&#8243; primary_title=&#8220;&#8220; primary_align=&#8220;justify&#8220; hover_title=&#8220;&#8220; shape=&#8220;square&#8220; hover_background_color=&#8220;white&#8220; el_width=&#8220;60&#8243; hover_btn_title=&#8220;FDI Pr\u00edstupov\u00e9 syst\u00e9my &#8211; samostatn\u00e9&#8220; hover_btn_style=&#8220;3d&#8220; hover_btn_align=&#8220;center&#8220; css_animation=&#8220;fadeIn&#8220; hover_add_button=&#8220;true&#8220; hover_btn_link=&#8220;url:https%3A%2F%2Fwww.urmet.sk%2FKatalogy%2FStandalone-Solutions-002GB.pdf||target:%20_blank|&#8220;][\/vc_hoverbox][\/vc_column][vc_column width=&#8220;1\/4&#8243;][vc_hoverbox image=&#8220;21657&#8243; primary_title=&#8220;&#8220; primary_align=&#8220;justify&#8220; hover_title=&#8220;&#8220; shape=&#8220;square&#8220; hover_background_color=&#8220;white&#8220; el_width=&#8220;60&#8243; hover_btn_title=&#8220;Easy Door Controller (ENG)&#8220; hover_btn_style=&#8220;3d&#8220; hover_btn_align=&#8220;center&#8220; css_animation=&#8220;fadeIn&#8220; hover_add_button=&#8220;true&#8220; hover_btn_link=&#8220;url:http%3A%2F%2Fwww.urmet.sk%2FKatalogy%2FEDC-006GB.pdf||target:%20_blank|&#8220;][\/vc_hoverbox][\/vc_column][vc_column width=&#8220;1\/4&#8243;][vc_hoverbox image=&#8220;21656&#8243; primary_title=&#8220;&#8220; primary_align=&#8220;justify&#8220; hover_title=&#8220;&#8220; shape=&#8220;square&#8220; hover_background_color=&#8220;white&#8220; el_width=&#8220;60&#8243; hover_btn_title=&#8220;DIGIT\u00c1LNA TABULA (ENG)&#8220; hover_btn_style=&#8220;3d&#8220; hover_btn_align=&#8220;center&#8220; css_animation=&#8220;fadeIn&#8220; hover_add_button=&#8220;true&#8220; hover_btn_link=&#8220;url:http%3A%2F%2Fwww.urmet.sk%2FKatalogy%2FDIGITALNOTICEBOARD-002GB.pdf||target:%20_blank|&#8220;][\/vc_hoverbox][\/vc_column][vc_column width=&#8220;1\/4&#8243;][vc_hoverbox image=&#8220;21655&#8243; primary_title=&#8220;&#8220; primary_align=&#8220;justify&#8220; hover_title=&#8220;&#8220; shape=&#8220;square&#8220; hover_background_color=&#8220;white&#8220; el_width=&#8220;60&#8243; hover_btn_title=&#8220;ONLINE PR\u00cdSTUPOV\u00c9 SYST\u00c9MY (ENG)&#8220; hover_btn_style=&#8220;3d&#8220; hover_btn_align=&#8220;center&#8220; css_animation=&#8220;fadeIn&#8220; hover_add_button=&#8220;true&#8220; hover_btn_link=&#8220;url:http%3A%2F%2Fwww.urmet.sk%2FKatalogy%2FIPASSAN-008GB-web.pdf||target:%20_blank|&#8220;][\/vc_hoverbox][\/vc_column][\/vc_row][vc_row][vc_column][vc_empty_space height=&#8220;60px&#8220;][vc_separator][vc_empty_space height=&#8220;60px&#8220;][\/vc_column][\/vc_row][vc_row][vc_column width=&#8220;1\/4&#8243;][vc_hoverbox image=&#8220;21654&#8243; primary_title=&#8220;&#8220; primary_align=&#8220;justify&#8220; hover_title=&#8220;&#8220; shape=&#8220;square&#8220; hover_background_color=&#8220;white&#8220; el_width=&#8220;60&#8243; hover_btn_title=&#8220;FDI 2SMART PANELY&#8220; hover_btn_style=&#8220;3d&#8220; hover_btn_align=&#8220;center&#8220; css_animation=&#8220;fadeIn&#8220; hover_add_button=&#8220;true&#8220; hover_btn_link=&#8220;url:https%3A%2F%2Fwww.urmet.sk%2FKatalogy%2FFDI-2VOICE-2020.pdf||target:%20_blank|&#8220;][\/vc_hoverbox][\/vc_column][vc_column width=&#8220;1\/4&#8243;][\/vc_column][vc_column width=&#8220;1\/4&#8243;][\/vc_column][vc_column width=&#8220;1\/4&#8243;][\/vc_column][\/vc_row][vc_row][vc_column][vc_empty_space height=&#8220;60px&#8220;][\/vc_column][\/vc_row]<\/p>\n<\/div>","protected":false},"excerpt":{"rendered":"<p>[vc_row bg_type=&#8220;image&#8220; parallax_style=&#8220;vcpb-vz-jquery&#8220; bg_image_new=&#8220;id^15334|url^http:\/\/www.urmet.sk\/new2020\/wp-content\/uploads\/2019\/08\/banner-katalog-urmet.jpg|caption^null|alt^null|title^banner-katalog-urmet|description^null&#8220; bg_image_repeat=&#8220;no-repeat&#8220; bg_override=&#8220;ex-full&#8220; enable_overlay=&#8220;enable_overlay_value&#8220; overlay_color=&#8220;rgba(0,0,0,0.5)&#8220; overlay_pattern=&#8220;transperant&#8220; overlay_pattern_opacity=&#8220;25&#8243; type=&#8220;vc_default&#8220; margin_top=&#8220;-50&#8243; css=&#8220;.vc_custom_1566752828850{padding-top: 10% !important;padding-bottom: 10% !important;background-color: #000000 !important;}&#8220;][vc_column offset=&#8220;vc_col-lg-12 vc_col-md-12&#8243; css=&#8220;.vc_custom_1566726047477{padding-bottom: 10px !important;}&#8220;][\/vc_column][\/vc_row][vc_row][vc_column width=&#8220;1\/4&#8243;][vc_hoverbox image=&#8220;15499&#8243; primary_title=&#8220;&#8220; primary_align=&#8220;justify&#8220; hover_title=&#8220;&#8220; shape=&#8220;square&#8220; hover_background_color=&#8220;white&#8220; el_width=&#8220;60&#8243; hover_btn_title=&#8220;Bro\u017e\u00farka ALPHA&#8220; hover_btn_style=&#8220;3d&#8220; hover_btn_align=&#8220;center&#8220; css_animation=&#8220;fadeIn&#8220; hover_add_button=&#8220;true&#8220; hover_btn_link=&#8220;url:https%3A%2F%2Fwww.urmet.sk%2FALPHA%2FPortals%2F0%2FURMET%2520PDF%2FBrochureCataloghi%2FUrmet_Brochure%2520Alpha_SVK_low.pdf||target:%20_blank|&#8220;][\/vc_hoverbox][\/vc_column][vc_column width=&#8220;1\/4&#8243;][vc_hoverbox image=&#8220;21547&#8243; primary_title=&#8220;&#8220; primary_align=&#8220;justify&#8220; hover_title=&#8220;&#8220; shape=&#8220;square&#8220; hover_background_color=&#8220;white&#8220; el_width=&#8220;60&#8243; hover_btn_title=&#8220;URMET katal\u00f3g&#8220; hover_btn_style=&#8220;3d&#8220; hover_btn_align=&#8220;center&#8220; css_animation=&#8220;fadeIn&#8220; hover_add_button=&#8220;true&#8220; hover_btn_link=&#8220;url:https%3A%2F%2Fwww.urmet.sk%2FKatalogy%2Fkatalog_urmet_2020-21.pdf|target:_blank&#8220; css=&#8220;.vc_custom_1608978669679{background-color:&hellip;<\/p>\n","protected":false},"author":1,"featured_media":0,"parent":0,"menu_order":100,"comment_status":"closed","ping_status":"closed","template":"","meta":{"_monsterinsights_skip_tracking":false,"_monsterinsights_sitenote_active":false,"_monsterinsights_sitenote_note":"","_monsterinsights_sitenote_category":0,"footnotes":""},"_links":{"self":[{"href":"https:\/\/www.urmet.sk\/index.php?rest_route=\/wp\/v2\/pages\/506"}],"collection":[{"href":"https:\/\/www.urmet.sk\/index.php?rest_route=\/wp\/v2\/pages"}],"about":[{"href":"https:\/\/www.urmet.sk\/index.php?rest_route=\/wp\/v2\/types\/page"}],"author":[{"embeddable":true,"href":"https:\/\/www.urmet.sk\/index.php?rest_route=\/wp\/v2\/users\/1"}],"replies":[{"embeddable":true,"href":"https:\/\/www.urmet.sk\/index.php?rest_route=%2Fwp%2Fv2%2Fcomments&post=506"}],"version-history":[{"count":109,"href":"https:\/\/www.urmet.sk\/index.php?rest_route=\/wp\/v2\/pages\/506\/revisions"}],"predecessor-version":[{"id":22111,"href":"https:\/\/www.urmet.sk\/index.php?rest_route=\/wp\/v2\/pages\/506\/revisions\/22111"}],"wp:attachment":[{"href":"https:\/\/www.urmet.sk\/index.php?rest_route=%2Fwp%2Fv2%2Fmedia&parent=506"}],"curies":[{"name":"wp","href":"https:\/\/api.w.org\/{rel}","templated":true}]}}